) to base 12
1
What is -4 (base 8) in base 5?
-4
Convert 34 (base 7) to base 11.
23
What is -1c (base 16) in base 2?
-11100
-5 (base 10) to base 4
-11
What is -1110 (base 5) in base 12?
-10b
What is 8 (base 15) in base 7?
11
Convert -5 (base 16) to base 10.
-5
What is -24 (base 6) in base 12?
-14
Convert -9 (base 11) to base 12.
-9
What is 11 (base 2) in base 16?
3
60 (base 12) to base 10
72
Convert -11 (base 4) to base 2.
-101
What is 201 (base 4) in base 5?
113
Convert 1 (base 14) to base 3.
1
What is 10011 (base 2) in base 4?
103
Convert -10 (base 13) to base 14.
-d
What is 7 (base 15) in base 12?
7
-43 (base 7) to base 5
-111
-123 (base 6) to base 15
-36
What is 1 (base 7) in base 9?
1
-1 (base 11) to base 14
-1
3 (base 4) to base 10
3
Convert -71 (base 12) to base 14.
-61
What is 17 (base 14) in base 7?
30
Convert 10012 (base 3) to base 6.
222
What is 134 (base 5) in base 2?
101100
-1 (base 16) to base 11
-1
Convert -4 (base 16) to base 11.
-4
1 (base 5) to base 7
1
What is -a (base 11) in base 15?
-a
-1 (base 9) to base 10
-1
2 (base 13) to base 15
2
-30 (base 4) to base 12
-10
What is -1 (base 7) in base 9?
-1
Convert -2 (base 16) to base 13.
-2
Convert -3 (base 11) to base 13.
-3
Convert -64 (base 8) to base 7.
-103
What is 4 (base 6) in base 13?
4
4 (base 11) to base 14
4
Convert 3 (base 15) to base 11.
3
What is 148 (base 9) in base 16?
7d
Convert -21 (base 3) to base 15.
-7
Convert 100110 (base 2) to base 16.
26
2 (base 7) to base 14
2
-2 (base 10) to base 3
-2
403 (base 5) to base 13
7c
Convert 208 (base 10) to base 4.
3100
Convert 131 (base 12) to base 9.
221
Convert -3 (base 13) to base 14.
-3
Convert 334 (base 6) to base 9.
154
What is -2111 (base 3) in base 14?
-4b
What is -9 (base 12) in base 2?
-1001
2 (base 11) to base 16
2
What is 10110001 (base 2) in base 16?
b1
3 (base 8) to base 4
3
What is 5 (base 7) in base 12?
5
What is -6 (base 11) in base 2?
-110
-1 (base 16) to base 12
-1
64 (base 8) to base 11
48
Convert -14 (base 12) to base 5.
-31
What is 2 (base 11) in base 8?
2
What is -12 (base 3) in base 12?
-5
Convert 22 (base 10) to base 16.
16
Convert b7 (base 12) to base 9.
164
Convert -1 (base 14) to base 4.
-1
0 (base 16) to base 8
0
Convert -2 (base 3) to base 12.
-2
Convert 132 (base 11) to base 5.
1111
1 (base 3) to base 11
1
Convert 3 (base 6) to base 4.
3
What is -12 (base 10) in base 15?
-c
Convert 8 (base 14) to base 16.
8
What is 1 (base 5) in base 8?
1
What is 97 (base 10) in base 8?
141
Convert 2 (base 15) to base 16.
2
What is -2 (base 4) in base 6?
-2
What is 68 (base 9) in base 8?
76
40 (base 11) to base 4
230
What is 4 (base 12) in base 9?
4
-85 (base 15) to base 16
-7d
Convert -103 (base 9) to base 11.
-77
Convert 29 (base 12) to base 7.
45
What is 25 (base 7) in base 12?
17
Convert -13 (base 7) to base 4.
-22
1 (base 15) to base 12
1
-231 (base 5) to base 16
-42
-8 (base 10) to base 13
-8
What is 3 (base 5) in base 15?
3
-2 (base 9) to base 11
-2
What is 123 (base 9) in base 16?
66
What is -13 (base 14) in base 3?
-122
-23 (base 10) to base 9
-25
Convert 3 (base 9) to base 11.
3
Convert 55 (base 10) to base 4.
313
-3 (base 13) to base 16
-3
Convert 12 (base 12) to base 8.
16
44 (base 11) to base 5
143
What is 12 (base 7) in base 10?
9
What is 3 (base 13) in base 3?
10
What is 4 (base 14) in base 11?
4
-10 (base 8) to base 15
-8
-68 (base 12) to base 8
-120
What is 1 (base 7) in base 4?
1
What is -13c (base 14) in base 2?
-11111010
-154 (base 7) to base 3
-10021
What is 13 (base 12) in base 13?
12
-2 (base 8) to base 9
-2
-212 (base 14) to base 15
-1c3
Convert -88 (base 14) to base 3.
-11110
19 (base 13) to base 11
20
1220 (base 3) to base 10
51
-b8 (base 15) to base 14
-c5
What is 2 (base 14) in base 9?
2
c (base 15) to base 11
11
Convert 35 (base 7) to base 16.
1a
What is 1 (base 8) in base 14?
1
What is 1011 (base 3) in base 15?
21
1002 (base 4) to base 12
56
What is 4 (base 6) in base 11?
4
What is 73 (base 11) in base 2?
1010000
Convert 1 (base 4) to base 2.
1
Convert 11 (base 6) to base 4.
13
What is 0 (base 12) in base 10?
0
22 (base 15) to base 10
32
1b (base 16) to base 12
23
What is c (base 16) in base 2?
1100
Convert 6 (base 8) to base 10.
6
Convert -1 (base 7) to base 5.
-1
What is 12 (base 14) in base 8?
20
-103 (base 6) to base 5
-124
What is -431 (base 6) in base 4?
-2203
-2 (base 10) to base 3
-2
Convert 4 (base 10) to base 9.
4
What is 2 (base 15) in base 7?
2
-100111 (base 2) to base 13
-30
-2 (base 11) to base 8
-2
What is 28 (base 9) in base 5?
101
Convert 14 (base 11) to base 10.
15
What is 32 (base 13) in base 5?
131
-13 (base 5) to base 9
-8
-3 (base 15) to base 12
-3
What is 2 (base 13) in base 15?
2
Convert 13 (base 6) to base 13.
9
Convert 133 (base 8) to base 11.
83
What is -7 (base 14) in base 5?
-12
What is 8 (base 10) in base 11?
8
What is -20112 (base 3) in base 16?
-b0
-1001 (base 3) to base 6
-44
-a (base 16) to base 11
-a
-a (base 16) to base 14
-a
Convert -246 (base 7) to base 14.
-96
What is -1 (base 8) in base 14?
-1
What is -2000 (base 3) in base 16?
-36
What is 122 (base 4) in base 7?
35
Convert -4 (base 12) to base 11.
-4
What is 2 (base 6) in base 8?
2
-115 (base 7) to base 5
-221
What is -46 (base 14) in base 7?
-116
What is -1d (base 14) in base 4?
-123
Convert 4 (base 5) to base 16.
4
Convert 120 (base 6) to base 10.
48
Convert 12 (base 3) to base 11.
5
What is -61 (base 10) in base 14?
-45
What is 123 (base 7) in base 15?
46
-7 (base 15) to base 7
-10
1010 (base 2) to base 11
a
Convert 1110 (base 3) to base 16.
27
What is -9 (base 12) in base 11?
-9
What is 1 (base 15) in base 6?
1
Convert -10 (base 13) to base 8.
-15
What is 5 (base 15) in base 7?
5
Convert -9 (base 13) to base 16.
-9
What is -18 (base 9) in base 11?
-16
What is -6 (base 9) in base 8?
-6
-13 (base 12) to base 5
-30
What is 16 (base 7) in base 4?
31
-4 (base 9) to base 6
-4
4 (base 8) to base 7
4
What is 0 (base 13) in base 12?
0
What is -2 (base 5) in base 3?
-2
-35 (base 7) to base 8
-32
30 (base 7) to base 5
41
What is -3 (base 6) in base 4?
-3
10 (base 6) to base 5
11
Convert -3 (base 10) to base 13.
-3
Convert 93 (base 15) to base 11.
116
Convert 100011 (base 2) to base 8.
43
Convert -65 (base 14) to base 3.
-10022
What is 2 (base 12) in base 13?
2
What is 10 (base 3) in base 12?
3
What is 16 (base 14) in base 6?
32
12 (base 13) to base 8
17
11 (base 3) to base 2
100
What is 6 (base 9) in base 10?
6
What is 311 (base 4) in base 8?
65
Convert 1e (base 16) to base 5.
110
What is -45 (base 16) in base 10?
-69
-83 (base 11) to base 9
-111
-70 (base 15) to base 2
-1101001
What is -1 (base 7) in base 6?
-1
Convert 4 (base 16) to base 13.
4
What is -102 (base 3) in base 8?
-13
-10 (base 8) to base 6
-12
5 (base 15) to base 7
5
Convert 14 (base 5) to base 3.
100
-1320 (base 4) to base 13
-93
What is 73 (base 8) in base 10?
59
0 (base 8) to base 16
0
What is -1 (base 2) in base 6?
-1
0 (base 10) to base 2
0
Convert -1 (base 5) to base 4.
-1
-6 (base 8) to base 11
-6
What is 1 (base 5) in base 4?
1
What is 5 (base 13) in base 16?
5
What is 3 (base 12) in base 8?
3
Convert 452 (base 8) to base 16.
12a
What is 16 (base 8) in base 7?
20
-40 (base 16) to base 6
-144
What is dd (base 14) in base 11?
168
Convert -3 (base 16) to base 5.
-3
1 (base 8) to base 10
1
Convert -133 (base 4) to base 16.
-1f
Convert 2f (base 16) to base 14.
35
Convert 10010 (base 2) to base 7.
24
Convert -10011 (base 2) to base 11.
-18
-74 (base 16) to base 14
-84
Convert -1234 (base 5) to base 3.
-21012
Convert 0 (base 7) to base 14.
0
Convert -5c (base 14) to base 6.
-214
Convert 203 (base 4) to base 12.
2b
What is -14 (base 10) in base 13?
-11
Convert 14 (base 5) to base 9.
10
Convert 37 (base 8) to base 9.
34
What is 61 (base 14) in base 7?
151
65 (base 11) to base 8
107
What is -24 (base 5) in base 8?
-16
Convert 103 (base 13) to base 11.
147
Convert 0 (base 9) to base 5.
0
What is 26 (base 10) in base 6?
42
What is 1031 (base 4) in base 3?
2212
Convert -42 (base 9) to base 10.
-38
Convert -32 (base 13) to base 4.
-221
Convert -59 (base 11) to base 5.
-224
Convert -4 (base 14) to base 3.
-11
Convert -11 (base 5) to base 9.
-6
1144 (base 7) to base 10
424
What is -7 (base 11) in base 7?
-10
Convert 57 (base 10) to base 6